16
Suppose 0 = -9*y + 290 - 20. What is the greatest common divisor of y and 230?
10
Let x(q) = -q**2 - 20*q - 66. Let w be x(-7). What is the highest common divisor of w and 200?
25
Let l be 3184/12 + (-10)/(-15). Suppose 23 - l = -9*w. Calculate the highest common divisor of 3 and w.
3
Let m be 6576/(-60)*(-100)/8. Calculate the highest common divisor of 10 and m.
10
Let s(m) = -m**3 + 14*m**2 - 15*m + 26. Let d be s(13). Let y = 63 - d. Calculate the highest common factor of 18 and y.
9
Let v be 0/1 - (-76 + 0). Let y be 0/(14/35*-5). Let n be (10 - 6) + y + v. What is the highest common factor of n and 10?
10
Let p be (22*(-3)/(-9))/(54/405). Calculate the greatest common divisor of 5 and p.
5
Let q be 10 + (-12 - -154) + -7. Calculate the highest common factor of 10 and q.
5
Let u be (-56)/(-2)*(-6)/(-8). Suppose 0 = -j + d + 30, 4*d - 266 = -5*j - 134. Calculate the greatest common divisor of j and u.
7
Suppose 3*j + 2 = -4, -3*x = 4*j - 7. Suppose -a + 2*r = -8, -a + 28 = -3*r + x*r. What is the greatest common divisor of 6 and a?
6
Let h(m) = m**3 + 10*m**2 + 10*m + 1. Let u be h(-9). Let n(i) = -i**3 - 6*i**2 - 6*i + 22. Let l be n(u). Calculate the highest common factor of l and 22.
22
Let q(x) = -47*x - 79. Let z be q(-5). What is the highest common divisor of z and 16?
4
Suppose 4*w + t - 178 = 10, 2*t = -8. Let y be 296/24 - 2/6. Calculate the highest common factor of y and w.
12
Let j be 1*(-55)/(2 - 3). Let n be 2 + -1 + 14 + (-13 - -7). Let x be (44/6)/(-3 + 33/n). What is the greatest common factor of j and x?
11
Let c = 93 + -96. Let a be 7861/35 - c/(-5). What is the highest common divisor of 28 and a?
28
Let k = 989 + -520. Suppose -756 - k = -7*g. What is the highest common factor of g and 35?
35
Suppose -154*q + 105*q = -3332. Let c = -8 + 12. Calculate the highest common divisor of q and c.
4
Suppose 0*f + 4*s = -3*f + 155, 273 = 5*f + 3*s. What is the highest common factor of 19 and f?
19
Let o(z) = -2*z**2 - z + 11. Let s be o(-6). Let y = s - -67. Calculate the highest common divisor of 8 and y.
4
Suppose -4*n = -2*q - 490, -5*n - 8 + 637 = 3*q. Suppose 0*d + n = 4*d + 4*r, 5*d - 4*r = 191. Calculate the highest common divisor of d and 5.
5
Let l be 7007/63 + 0 - 4/18. Calculate the highest common factor of 74 and l.
37
Let s be 7/(-21) + 462/9. Let g be s/85*(6 + -1). Let j(c) = -2*c + 9. Let z be j(g). What is the greatest common factor of 3 and z?
3
Let j be 4/2 - (3/3 - 1). Let r be (-2)/3*(-66)/j. What is the greatest common factor of 242 and r?
22
Suppose 11*j + 4*w = 10*j + 34, -4 = -w. Calculate the greatest common divisor of 2 and j.
2
Let m = -41 - -22. Let o = m - -41. Suppose -5*a = 5*v - 10*v + 275, 2*v = -3*a + 110. What is the highest common divisor of v and o?
11
Let i be 6 + ((-7)/(-7) - 2). What is the greatest common factor of i and 160?
5
Let g(m) = -7*m + 1. Let o be g(-1). Suppose 7*y - 2*y = 0. Suppose y = 4*l + 5*p - 38, -3*p + 7 - 1 = l. What is the greatest common divisor of l and o?
4
Let u be ((-6)/9)/((-1)/36). Let t(n) = n**2 + 11*n - 216. Let w be t(16). Calculate the greatest common factor of w and u.
24
Let c = -18 - -23. Calculate the highest common divisor of c and 135.
5
Suppose -1008 = -8*x + x. Calculate the greatest common divisor of 18 and x.
18
Let f be (-12)/(-78) - (-26900)/65. Calculate the highest common factor of 92 and f.
46
Let z(b) = 5*b + 24. Let o(g) = -g - 5. Let f(v) = -22*o(v) - 4*z(v). Let a be f(-7). Let p be (13 + a + -4)/1. Calculate the highest common factor of p and 1.
1
Let x(y) = 3*y**3 - y**2 + 3*y - 4. Let u be x(2). Let s = 2 + u. Suppose j - 7 = -1. Calculate the highest common factor of s and j.
6
Let n = -9 - -6. Let b(j) = j**2 + 5*j + 3. Let u be b(n). Let i = u - -10. What is the highest common divisor of i and 7?
7
Let a = -277 + 293. Calculate the highest common divisor of 12 and a.
4
Let b(r) = -6 - 7*r**2 - 3*r + 16*r**2 - 2*r. Let t be b(-3). Suppose -k + 30 = 2*h - 25, -2*h + 50 = 2*k. What is the greatest common divisor of t and h?
30
Suppose f = 3*v - 8*v - 60, 4*f + 9 = v. Let n = 13 + v. Suppose 0 = 2*i + n*s - 0*s - 10, 0 = 3*i + 4*s - 14. What is the highest common factor of i and 3?
3
Suppose -3*w + 6*w = 27. Suppose 0 = -13*v - 29*v + 1134. Calculate the greatest common factor of w and v.
9
Suppose 0 = t - 5*t + 96. Let y(g) = -2*g**3 - 5*g**2 - 3*g + 3. Let x be y(-3). Let b = -15 + x. Calculate the greatest common divisor of t and b.
6
Let t = 12 - 1. Let v = 49 + -5. Calculate the greatest common divisor of t and v.
11
Suppose -10*p - 6 = -7*p. Let b be p + (-24)/(-11) + (-185)/(-11). Calculate the greatest common factor of 119 and b.
17
Let y = -26 - -23. Let l be 4 - y/(-9)*-3. What is the highest common divisor of l and 2?
1
Let y be 3 + 0 - (-10)/5. Suppose -13 + 3 = -y*k. Suppose 0 = -0*u - k*u + 4. Calculate the greatest common factor of 14 and u.
2
Let x = 558 + -350. Calculate the greatest common divisor of x and 13.
13
Let y = -352 - -375. Calculate the greatest common divisor of 69 and y.
23
Let h(l) = -l**2 + 47*l + 10. Let y be h(9). What is the greatest common divisor of y and 22?
22
Let b(r) = -38*r - 71. Let p be b(-7). What is the highest common divisor of 65 and p?
65
Let h(j) = j**3 - 13*j**2 + 15*j + 4. Suppose -38 - 58 = -8*l. Let u be h(l). What is the greatest common divisor of u and 5?
5
Let v(o) = o**2 - 21*o + 2. Let c be v(21). Suppose -2*x - 3*b + 20 = 0, -c*x + 2*b - 50 = -7*x. What is the greatest common factor of x and 70?
10
Let m(c) = -c**2 + 3*c - 2. Let d be m(1). Let h(x) = x**3 + x**2 - 2*x + 162. Let v be h(d). What is the greatest common factor of 6 and v?
6
Let b(r) = -3 + 47 + 2*r + 8. Let j be b(-16). Calculate the highest common divisor of j and 80.
20
Suppose 13*n + 585 = 3731. What is the highest common divisor of 44 and n?
22
Let n = 77 + 8. Let z = 621 - 587. Calculate the highest common divisor of n and z.
17
Let o be (-364)/(-63) - 6/(-27). Suppose -110 = -o*u - 56. Let n = -7 - -13. Calculate the highest common divisor of u and n.
3
Let o = 16 + -24. Let v = o + 13. Suppose -v*r + 3 + 2 = 0. What is the highest common divisor of 11 and r?
1
Suppose -8*f - 10540 = -39*f. Calculate the highest common factor of 8 and f.
4
Suppose -4*a - 473 = -15*a. Calculate the highest common factor of 1 and a.
1
Suppose 34*v - 2244 - 816 = 0. Suppose 0*w + 108 = 3*w. What is the greatest common divisor of w and v?
18
Let i(s) = 2*s**2 - 52*s - 156. Let t be i(-3). What is the greatest common divisor of 8 and t?
2
Let d(i) = i**3 - 20*i**2 + 16*i + 59. Let n be d(19). Let b be (-2)/8 + (-82)/(-8). Calculate the greatest common factor of n and b.
2
Let b(k) be the third derivative of k**5/20 - 5*k**4/8 - 13*k**3/6 + k**2 - 3. Let q be b(7). Calculate the greatest common factor of 203 and q.
29
Suppose 0 = -u + q + 1066, 2*q = -8 + 6. What is the highest common divisor of u and 15?
15
Suppose -5*z + 235 = 4*d - 3*d, -4*z + 4*d = -188. Calculate the greatest common factor of z and 141.
47
Suppose -515 = 67*q - 3463. Calculate the highest common divisor of 11 and q.
11
Let y = -156 - -201. Calculate the highest common factor of y and 10.
5
Let i be -4*(20/(-30))/((-2)/(-6)). Suppose x - 20 = -4*x. Calculate the highest common divisor of x and i.
4
Let m = 937 + -916. Calculate the greatest common factor of m and 84.
21
Let l(b) = 68*b + 496. Let w be l(-4). What is the highest common factor of 21 and w?
7
Suppose 0 = -l - 5*o + 19, -4*o = -4*l + 21 + 175. Suppose 3*w - 3*n = 192, -5*w = 3*n - 0*n - 336. What is the greatest common factor of w and l?
22
Let g(x) = -x. Let y be g(-2). Suppose -4*t = 5*c - 114, 4*t - y*c = 60 + 40. Calculate the greatest common factor of 130 and t.
26
Suppose 1008 + 2520 = 14*w. What is the greatest common divisor of w and 72?
36
Let d be 30/24 - (-2)/(-8). Let j = 0 + d. Let z = 25 - j. What is the highest common factor of 12 and z?
12
Let g(b) = b**2 + 3*b - 38. Let w be g(-8). Suppose 0 = w*d - 3*d + 3*m + 136, 0 = 2*m. What is the greatest common factor of d and 17?
17
Suppose -2*z + 4*i + 445 - 149 = 0, -2*z - i = -301. Let j(l) = 5*l - 24. Let t be j(0). Let q = t - -39. What is the highest common divisor of q and z?
15
Suppose 53 = 5*s + j, -5*j = -6*j - 2. Let y